f 30431409 and 94659.
417
What is the highest common divisor of 16074 and 104443?
19
What is the greatest common divisor of 5638680 and 426760?
9080
What is the highest common divisor of 25137534 and 2934?
978
What is the highest common divisor of 365681 and 304613?
727
What is the highest common divisor of 7615 and 1649409?
1523
Calculate the highest common factor of 17153292 and 1674.
186
What is the greatest common divisor of 650359681 and 983?
983
What is the greatest common divisor of 480 and 14635260?
60
What is the highest common factor of 105 and 773565?
15
Calculate the greatest common divisor of 1350547 and 22.
11
What is the highest common divisor of 93590 and 7490?
70
Calculate the greatest common factor of 630 and 1990836.
18
What is the highest common factor of 24 and 660948?
12
What is the highest common divisor of 27009012 and 72?
12
What is the highest common divisor of 162732 and 16617?
573
Calculate the greatest common divisor of 1184102138 and 1194.
398
Calculate the greatest common factor of 191942 and 40.
2
What is the highest common factor of 124930947 and 30552?
3819
What is the greatest common divisor of 54494655 and 30?
15
Calculate the highest common divisor of 12422737 and 874.
23
Calculate the highest common divisor of 55527140 and 400.
20
Calculate the greatest common divisor of 1872586 and 3286.
62
What is the highest common factor of 109509 and 759816?
519
Calculate the highest common factor of 138024 and 1113493.
71
What is the greatest common divisor of 608 and 69661524?
76
What is the highest common factor of 3960104146 and 2774?
2774
What is the highest common factor of 6424 and 1899022?
146
Calculate the greatest common factor of 188779273 and 71.
71
Calculate the highest common divisor of 13073744 and 22784.
1424
Calculate the highest common divisor of 3930 and 149770.
10
Calculate the greatest common factor of 1724 and 9248398.
862
What is the greatest common divisor of 3549 and 123518577?
273
Calculate the greatest common factor of 820 and 316310080.
820
What is the highest common factor of 1654767 and 14022?
171
Calculate the highest common factor of 969419 and 22.
11
Calculate the highest common factor of 5658 and 72197966.
1886
Calculate the greatest common factor of 9048974 and 44.
22
What is the greatest common divisor of 7926126 and 1273688?
8606
What is the highest common factor of 37 and 1260489878?
37
What is the greatest common divisor of 1674 and 179094726?
54
What is the greatest common divisor of 865690190 and 45010?
6430
What is the greatest common divisor of 684 and 256886764?
76
What is the greatest common factor of 331248076 and 3004?
3004
Calculate the greatest common factor of 80930 and 62728843.
8093
Calculate the highest common factor of 24048 and 2138769.
1503
Calculate the highest common divisor of 164808 and 201327.
21
What is the greatest common factor of 1133995785 and 16770?
8385
Calculate the greatest common divisor of 743669220 and 70.
70
What is the highest common divisor of 84747781 and 739?
739
Calculate the greatest common factor of 386258 and 14798.
302
What is the highest common divisor of 3053517 and 573?
573
Calculate the highest common divisor of 95567643 and 87848.
10981
What is the highest common factor of 59 and 21564913?
59
Calculate the greatest common factor of 2773845 and 1620.
405
Calculate the highest common factor of 158499754 and 278.
278
What is the highest common divisor of 1405 and 13828291?
281
What is the highest common divisor of 14510413 and 344979?
4259
Calculate the highest common divisor of 38732 and 604556.
1684
What is the greatest common divisor of 113407971 and 3009?
177
Calculate the greatest common factor of 9275 and 2208934.
371
Calculate the greatest common factor of 46336674 and 8628.
4314
Calculate the greatest common divisor of 304948 and 1442.
14
What is the greatest common factor of 228 and 29716692?
12
What is the greatest common divisor of 1295987 and 231?
77
Calculate the highest common divisor of 18704 and 3039568.
112
What is the greatest common divisor of 296 and 986016?
8
What is the highest common factor of 41800 and 4457552?
1672
Calculate the greatest common factor of 532 and 722893.
19
What is the highest common divisor of 512 and 245264416?
32
Calculate the highest common divisor of 4698 and 376478.
58
What is the greatest common divisor of 2537 and 2278285?
59
Calculate the highest common divisor of 29601065 and 5590.
65
Calculate the highest common divisor of 6011648 and 23.
23
Calculate the greatest common factor of 1317 and 78672751.
439
Calculate the greatest common factor of 455 and 26603941.
91
Calculate the greatest common factor of 1190798 and 294.
98
What is the greatest common factor of 39678 and 251683?
389
What is the greatest common factor of 1080 and 31791240?
360
Calculate the greatest common factor of 4791 and 3513.
3
What is the greatest common factor of 486 and 13429584?
54
What is the highest common divisor of 104198 and 8798?
106
Calculate the greatest common divisor of 194627 and 1447177.
1927
Calculate the highest common divisor of 11488 and 617839.
359
Calculate the highest common factor of 105 and 12803469.
21
What is the highest common divisor of 317131 and 2199257?
1033
Calculate the highest common divisor of 704371548 and 24.
12
Calculate the greatest common divisor of 832462 and 13478.
46
Calculate the highest common factor of 6782325 and 1290697.
8221
Calculate the highest common divisor of 102 and 1067694.
6
Calculate the greatest common divisor of 10693017 and 2601.
153
Calculate the highest common divisor of 2221140 and 1212.
12
Calculate the greatest common factor of 2084882 and 1165982.
2042
Calculate the highest common divisor of 14702193 and 470547.
9603
Calculate the highest common factor of 632050 and 1850.
50
Calculate the highest common divisor of 10035 and 158107.
223
Calculate the greatest common factor of 93771 and 67068.
621
Calculate the greatest common divisor of 100932871 and 11245.
2249
What is the greatest common factor of 170 and 5919990?
10
Calculate the highest common factor of 20682 and 429822.
18
Calculate the greatest common divisor of 324698 and 172018.
22
What is the greatest common divisor of 15706176 and 117424?
2864
Calculate the highest common factor of 320 and 36200.
40
Calculate the greatest common divisor of 72090 and 53385.
15
What is the highest common divisor of 684 and 131548932?
684
Calculate the highest common factor of 272 and 1353727.
17
Calculate the greatest common factor of 3695094 and 481.
13
What is the highest common factor of 6 and 29987074?
2
Calculate the highest common divisor of 54145 and 2156245.
3185
Calculate the highest common factor of 49205942 and 3869.
3869
What is the highest common factor of 4332 and 3299236?
76
Calculate the highest common factor of 1041675 and 22287.
969
Calculate the greatest common divisor of 56 and 31020668.
28
Calculate the highest common factor of 36433280 and 910.
130
What is the highest common divisor of 9823 and 23882848?
209
What is the highest common divisor of 132 and 1813262?
22
Calculate the greatest common divisor of 248 and 180227149.
31
Calculate the greatest common factor of 14 and 131042324.
14
What is the greatest common factor of 432 and 109814688?
144
Calculate the highest common divisor of 72527 and 21802732.
5579
What is the greatest common divisor of 74886 and 416766?
42
Calculate the highest common divisor of 42 and 416344614.
42
Calculate the greatest common divisor of 2459560 and 74120.
680
What is the greatest common divisor of 103 and 1622147?
103
Calculate the greatest common factor of 16109574 and 272.
34
Calculate the highest common divisor of 2420 and 317130.
110
Calculate the greatest common divisor of 9157964 and 6596.
388
Calculate the highest common factor of 6909 and 1374421.
47
Calculate the greatest common factor of 3336772 and 110696.
548
What is the greatest common divisor of 77102 and 110846299?
2029
What is the highest common factor of 12943346 and 8723?
793
Calculate the highest common factor of 43637 and 1265.
11
What is the greatest common divisor of 1192 and 35238798?
298
What is the highest common divisor of 208 and 397563584?
16
Calculate the highest common 